1) in base 4?
-111
7 (base 8) to base 14
7
-17 (base 12) to base 3
-201
Convert cb (base 15) to base 8.
277
-20 (base 5) to base 8
-12
Convert 0 (base 12) to base 7.
0
What is 31 (base 16) in base 10?
49
Convert -1 (base 13) to base 2.
-1
-49 (base 16) to base 12
-61
What is -26 (base 16) in base 13?
-2c
Convert 5 (base 10) to base 8.
5
What is -2 (base 15) in base 10?
-2
What is 12 (base 4) in base 6?
10
What is -121 (base 6) in base 7?
-100
Convert 100 (base 3) to base 16.
9
4 (base 8) to base 14
4
-1142 (base 6) to base 11
-233
What is -26 (base 11) in base 15?
-1d
What is 70 (base 12) in base 2?
1010100
What is 20 (base 14) in base 4?
130
Convert -27 (base 11) to base 10.
-29
What is -109 (base 14) in base 4?
-3031
Convert 0 (base 8) to base 11.
0
What is -55 (base 14) in base 7?
-135
Convert 4 (base 12) to base 2.
100
What is -3 (base 11) in base 6?
-3
11001 (base 2) to base 9
27
1 (base 5) to base 2
1
Convert 4 (base 16) to base 9.
4
What is 2 (base 6) in base 4?
2
11 (base 5) to base 3
20
57 (base 9) to base 6
124
What is -11 (base 2) in base 10?
-3
Convert 11021 (base 3) to base 14.
83
-1014 (base 6) to base 5
-1401
Convert 11 (base 7) to base 8.
10
What is 32 (base 7) in base 11?
21
123 (base 4) to base 12
23
What is 8 (base 14) in base 4?
20
7 (base 12) to base 3
21
Convert 23 (base 12) to base 5.
102
What is -12 (base 13) in base 8?
-17
-4 (base 8) to base 5
-4
-2a (base 13) to base 3
-1100
What is 15 (base 10) in base 8?
17
What is 227 (base 8) in base 15?
a1
356 (base 7) to base 6
512
What is 0 (base 12) in base 9?
0
Convert 3 (base 8) to base 15.
3
Convert 1b5 (base 12) to base 14.
161
What is -3 (base 5) in base 9?
-3
What is 2121 (base 3) in base 15?
4a
Convert 2 (base 7) to base 16.
2
What is c (base 14) in base 9?
13
Convert 2 (base 15) to base 11.
2
What is -1 (base 10) in base 16?
-1
Convert 14 (base 9) to base 12.
11
Convert -24 (base 6) to base 14.
-12
What is -3 (base 11) in base 14?
-3
What is -6 (base 10) in base 6?
-10
Convert -1 (base 15) to base 5.
-1
Convert 102 (base 5) to base 15.
1c
What is 3 (base 7) in base 13?
3
What is -b7 (base 12) in base 13?
-a9
Convert 202 (base 3) to base 14.
16
Convert -2 (base 6) to base 4.
-2
What is -3 (base 4) in base 6?
-3
Convert -14 (base 10) to base 5.
-24
What is -1000001 (base 2) in base 13?
-50
-20 (base 5) to base 11
-a
What is -2112 (base 3) in base 14?
-4c
6 (base 10) to base 12
6
What is 2f (base 16) in base 6?
115
What is -30 (base 4) in base 16?
-c
What is -1 (base 2) in base 15?
-1
What is -7 (base 12) in base 4?
-13
What is 1a (base 13) in base 8?
27
What is 10121 (base 3) in base 10?
97
Convert 47 (base 13) to base 16.
3b
1 (base 9) to base 3
1
16 (base 16) to base 3
211
Convert -13 (base 15) to base 8.
-22
What is -5 (base 11) in base 8?
-5
Convert -2 (base 15) to base 8.
-2
What is -4 (base 12) in base 5?
-4
What is 56 (base 15) in base 11?
74
Convert 11 (base 8) to base 2.
1001
Convert 3 (base 15) to base 12.
3
-65 (base 10) to base 13
-50
-1210 (base 5) to base 11
-154
-69 (base 10) to base 4
-1011
Convert 11 (base 8) to base 10.
9
13 (base 4) to base 7
10
0 (base 9) to base 7
0
What is 2 (base 16) in base 15?
2
What is 8 (base 11) in base 9?
8
Convert -85 (base 9) to base 11.
-70
What is 26 (base 13) in base 12?
28
Convert -2d (base 14) to base 11.
-38
-91 (base 13) to base 3
-11101
-1 (base 3) to base 9
-1
Convert -42 (base 9) to base 7.
-53
What is -2 (base 14) in base 11?
-2
Convert -110 (base 2) to base 10.
-6
Convert 31 (base 11) to base 10.
34
-3 (base 6) to base 16
-3
Convert -6 (base 13) to base 9.
-6
What is 1101 (base 2) in base 7?
16
What is 234 (base 6) in base 2?
1011110
Convert -11 (base 4) to base 7.
-5
Convert 16 (base 12) to base 13.
15
What is -10 (base 2) in base 8?
-2
What is -115 (base 15) in base 8?
-365
What is 231 (base 4) in base 12?
39
What is 90 (base 10) in base 6?
230
What is 100 (base 6) in base 8?
44
-7 (base 12) to base 9
-7
Convert 120102 (base 3) to base 5.
3131
-a (base 15) to base 5
-20
Convert 3 (base 6) to base 8.
3
What is 141 (base 5) in base 9?
51
9 (base 14) to base 12
9
-6 (base 16) to base 11
-6
-210 (base 4) to base 8
-44
Convert -1 (base 16) to base 2.
-1
What is 14 (base 6) in base 2?
1010
1121 (base 3) to base 12
37
Convert 0 (base 6) to base 10.
0
-4 (base 13) to base 2
-100
Convert -12 (base 3) to base 15.
-5
Convert -30 (base 6) to base 16.
-12
-2 (base 14) to base 10
-2
28 (base 10) to base 3
1001
-40 (base 8) to base 3
-1012
Convert 5 (base 9) to base 5.
10
What is -14 (base 11) in base 6?
-23
-111001 (base 2) to base 4
-321
Convert -1 (base 4) to base 14.
-1
Convert 14 (base 6) to base 8.
12
-11 (base 8) to base 6
-13
What is 0 (base 2) in base 12?
0
What is 43 (base 16) in base 4?
1003
Convert 12 (base 10) to base 14.
c
What is 5 (base 8) in base 6?
5
What is -4 (base 9) in base 11?
-4
Convert -135 (base 6) to base 16.
-3b
What is -3 (base 7) in base 15?
-3
-10 (base 6) to base 13
-6
0 (base 5) to base 6
0
What is -9 (base 13) in base 5?
-14
37 (base 12) to base 8
53
What is -57 (base 11) in base 7?
-116
What is -42 (base 8) in base 13?
-28
Convert 3 (base 10) to base 3.
10
Convert 10000 (base 2) to base 4.
100
What is 1 (base 2) in base 9?
1
2e (base 16) to base 6
114
What is -223 (base 7) in base 5?
-430
2 (base 16) to base 10
2
Convert 2 (base 8) to base 4.
2
What is 9 (base 15) in base 16?
9
What is 4 (base 12) in base 2?
100
What is -39 (base 14) in base 5?
-201
Convert 12 (base 7) to base 16.
9
Convert 9 (base 12) to base 4.
21
-3 (base 14) to base 3
-10
What is -344 (base 6) in base 13?
-a6
What is 3 (base 14) in base 2?
11
Convert 3122 (base 4) to base 16.
da
2 (base 11) to base 4
2
201 (base 8) to base 15
89
What is 0 (base 3) in base 13?
0
31 (base 7) to base 12
1a
Convert 321 (base 4) to base 16.
39
What is -60 (base 9) in base 5?
-204
Convert 212 (base 4) to base 13.
2c
What is -111 (base 5) in base 2?
-11111
What is -2 (base 15) in base 4?
-2
-15 (base 12) to base 7
-23
What is -13 (base 11) in base 2?
-1110
3 (base 15) to base 9
3
97 (base 10) to base 2
1100001
What is 4 (base 12) in base 16?
4
Convert -4 (base 10) to base 14.
-4
Convert a (base 12) to base 16.
a
What is -10 (base 4) in base 16?
-4
6 (base 8) to base 2
110
What is -222 (base 3) in base 6?
-42
Convert -5 (base 7) to base 9.
-5
1 (base 16) to base 8
1
What is 10 (base 2) in base 7?
2
Convert 20 (base 11) to base 5.
42
-8 (base 12) to base 16
-8
What is -1001 (base 3) in base 13?
-22
8 (base 11) to base 10
8
Convert -33 (base 13) to base 12.
-36
-147 (base 13) to base 9
-273
What is 100 (base 5) in base 16?
19
1 (base 9) to base 7
1
What is -3 (base 9) in base 6?
-3
-632 (base 8) to base 10
-410
What is -224 (base 6) in base 2?
-1011000
Convert 201 (base 3) to base 5.
34
100000101 (base 2) to base 3
100200
What is -32 (base 6) in base 7?
-26
What is -11001100 (base 2) in base 4?
-3030
-3 (base 12) to base 6
-3
What is 5 (base 9) in base 13?
5
-34 (base 13) to base 7
-61
What is 1222 (base 3) in base 9?
58
Convert 4 (base 16) to base 11.
4
What is -86 (base 10) in base 13?
-68
-3 (base 10) to base 7
-3
Convert -63 (base 8) to base 5.
-201
123 (base 14) to base 13
146
1312 (base 5) to base 4
3033
What is -122 (base 9) in base 10?
-101
Convert -10 (base 11) to base 12.
-b
What is -1 (base 10) in base 6?
-1
Convert 3 (base 12) to base 3.
10
Convert -132 (base 4) to base 12.
-26
What is 2a (base 12) in base 5?
114
Convert -4 (base 9) to base 14.
-4
150 (base 10) to base 11
127
What is 10 (base 3) in base 5?
3
Convert 4 (base 12) to base 5.
4
2 (base 16) to base 11
2
What is -113 (base 5) in base 8?
-41
What is 13 (base 7) in base 3?
101
Convert -185 (base 9) to base 12.
-112
-a (base 13) to base 9
-11
24 (base 6) to base 5
31
-9 (base 15) to base 4
-21
Convert 1 (base 5) to base 11.
1
-32 (base 10) to base 13
-26
-5 (base 16) to base 3
-12
What is 11 (base 14) in base 3?
120
Convert -116 (base 13) to base 8.
-274
What is -2212 (base 3) in base 9?
-85
-20 (base 4) to base 11
-8
What is 223 (base 8) in base 9?
173
What is 1 (base 13) in base 15?
1
26 (base 11) to base 3
1001
What is -8 (base 16) in base 9?
-8
What is 2 (base 16) in base 13?
2
-119 (base 12) to base 6
-433
What is -3 (base 15) in base 12?
-3
What is 1 (base 3) in ba